306?
2, 3, 17
List the prime factors of 61475.
5, 2459
What are the prime factors of 5733?
3, 7, 13
What are the prime factors of 69424?
2, 4339
List the prime factors of 50430.
2, 3, 5, 41
What are the prime factors of 4822?
2, 2411
What are the prime factors of 44359?
7, 6337
List the prime factors of 712.
2, 89
List the prime factors of 8925.
3, 5, 7, 17
What are the prime factors of 17970?
2, 3, 5, 599
What are the prime factors of 1156?
2, 17
List the prime factors of 6459.
3, 2153
List the prime factors of 256.
2
List the prime factors of 1799.
7, 257
List the prime factors of 20985.
3, 5, 1399
What are the prime factors of 1239?
3, 7, 59
What are the prime factors of 75774?
2, 3, 73, 173
List the prime factors of 22411.
73, 307
What are the prime factors of 3957?
3, 1319
What are the prime factors of 803?
11, 73
What are the prime factors of 151?
151
What are the prime factors of 3892?
2, 7, 139
List the prime factors of 100214.
2, 89, 563
What are the prime factors of 424?
2, 53
List the prime factors of 233.
233
What are the prime factors of 1053?
3, 13
List the prime factors of 2237.
2237
List the prime factors of 2930.
2, 5, 293
List the prime factors of 56423.
17, 3319
List the prime factors of 10703.
7, 11, 139
List the prime factors of 11522.
2, 7, 823
What are the prime factors of 1274?
2, 7, 13
What are the prime factors of 3258?
2, 3, 181
What are the prime factors of 94034?
2, 47017
What are the prime factors of 5261?
5261
What are the prime factors of 4996?
2, 1249
What are the prime factors of 16841?
11, 1531
What are the prime factors of 139?
139
What are the prime factors of 79162?
2, 39581
What are the prime factors of 19696?
2, 1231
What are the prime factors of 248?
2, 31
List the prime factors of 430.
2, 5, 43
What are the prime factors of 12478?
2, 17, 367
List the prime factors of 3123.
3, 347
What are the prime factors of 1775?
5, 71
List the prime factors of 811.
811
What are the prime factors of 10767?
3, 37, 97
List the prime factors of 821.
821
List the prime factors of 1951.
1951
List the prime factors of 125.
5
What are the prime factors of 103993?
103993
What are the prime factors of 16528?
2, 1033
What are the prime factors of 93797?
11, 8527
What are the prime factors of 5018?
2, 13, 193
List the prime factors of 147.
3, 7
What are the prime factors of 177785?
5, 31, 37
List the prime factors of 579.
3, 193
List the prime factors of 1244.
2, 311
List the prime factors of 6081.
3, 2027
What are the prime factors of 58417?
58417
List the prime factors of 7.
7
What are the prime factors of 6949?
6949
List the prime factors of 11934.
2, 3, 13, 17
List the prime factors of 426.
2, 3, 71
What are the prime factors of 1413?
3, 157
What are the prime factors of 757?
757
What are the prime factors of 75?
3, 5
List the prime factors of 33672.
2, 3, 23, 61
What are the prime factors of 132782?
2, 13, 5107
What are the prime factors of 10651?
10651
List the prime factors of 23077.
47, 491
What are the prime factors of 111993?
3, 7, 5333
What are the prime factors of 69259?
69259
List the prime factors of 3850.
2, 5, 7, 11
What are the prime factors of 26361?
3, 29, 101
What are the prime factors of 7088?
2, 443
What are the prime factors of 34113?
3, 83, 137
List the prime factors of 65084.
2, 53, 307
What are the prime factors of 763?
7, 109
What are the prime factors of 1541?
23, 67
What are the prime factors of 2554?
2, 1277
What are the prime factors of 14200?
2, 5, 71
What are the prime factors of 13372?
2, 3343
List the prime factors of 1279.
1279
What are the prime factors of 11470?
2, 5, 31, 37
What are the prime factors of 2007?
3, 223
List the prime factors of 45706.
2, 22853
What are the prime factors of 33990?
2, 3, 5, 11, 103
List the prime factors of 6038.
2, 3019
What are the prime factors of 8150?
2, 5, 163
What are the prime factors of 1397?
11, 127
List the prime factors of 13544.
2, 1693
What are the prime factors of 662?
2, 331
What are the prime factors of 1702?
2, 23, 37
What are the prime factors of 14106?
2, 3, 2351
List the prime factors of 3170.
2, 5, 317
What are the prime factors of 4278?
2, 3, 23, 31
List the prime factors of 798.
2, 3, 7, 19
List the prime factors of 73315.
5, 11, 31, 43
What are the prime factors of 143972?
2, 35993
What are the prime factors of 3931?
3931
List the prime factors of 4143.
3, 1381
List the prime factors of 2860.
2, 5, 11, 13
List the prime factors of 70987.
7, 10141
List the prime factors of 40111.
40111
What are the prime factors of 1081?
23, 47
What are the prime factors of 2680?
2, 5, 67
What are the prime factors of 62846?
2, 7, 67
List the prime factors of 1509.
3, 503
What are the prime factors of 1159?
19, 61
What are the prime factors of 3357?
3, 373
List the prime factors of 2201.
31, 71
What are the prime factors of 1231?
1231
What are the prime factors of 1668?
2, 3, 139
List the prime factors of 1506.
2, 3, 251
List the prime factors of 1420.
2, 5, 71
What are the prime factors of 841?
29
List the prime factors of 97233.
3, 32411
What are the prime factors of 1032?
2, 3, 43
What are the prime factors of 10353?
3, 7, 17, 29
What are the prime factors of 332?
2, 83
What are the prime factors of 13039?
13, 17, 59
List the prime factors of 24.
2, 3
List the prime factors of 2374.
2, 1187
List the prime factors of 17558.
2, 8779
List the prime factors of 10317.
3, 19, 181
What are the prime factors of 260?
2, 5, 13
List the prime factors of 50051.
50051
List the prime factors of 151809.
3, 7, 7229
What are the prime factors of 916?
2, 229
List the prime factors of 8408.
2, 1051
List the prime factors of 6706.
2, 7, 479
What are the prime factors of 13702?
2, 13, 17, 31
What are the prime factors of 1898?
2, 13, 73
What are the prime factors of 31660?
2, 5, 1583
List the prime factors of 3279.
3, 1093
What are the prime factors of 12760?
2, 5, 11, 29
List the prime factors of 2221.
2221
List the prime factors of 20824.
2, 19, 137
List the prime factors of 8576.
2, 67
List the prime factors of 667.
23, 29
List the prime factors of 4874.
2, 2437
List the prime factors of 28863.
3, 1069
What are the prime factors of 19653?
3, 6551
List the prime factors of 2059.
29, 71
List the prime factors of 42673.
139, 307
What are the prime factors of 101202?
2, 3, 101, 167
What are the prime factors of 21798?
2, 3, 7, 173
List the prime factors of 5176.
2, 647
List the prime factors of 16224.
2, 3, 13
What are the prime factors of 22475?
5, 29, 31
What are the prime factors of 1969?
11, 179
What are the prime factors of 1832?
2, 229
What are the prime factors of 44938?
2, 22469
List the prime factors of 11786.
2, 71, 83
List the prime factors of 11357.
41, 277
List the prime factors of 3639.
3, 1213
What are the prime factors of 4807?
11, 19, 23
List the prime factors of 868.
2, 7, 31
List the prime factors of 1027.
13, 79
What are the prime factors of 3054?
2, 3, 509
List the prime factors of 1831.
1831
What are the prime factors of 4936?
2, 617
List the prime factors of 6436.
2, 1609
What are the prime factors of 23890?
2, 5, 2389
List the prime factors of 24548.
2, 17, 19
List the prime factors of 17889.
3, 67, 89
What are the prime factors of 100946?
2, 17, 2969
List the prime factors of 25589.
25589
What are the prime factors of 5311?
47, 113
What are the prime factors of 23426?
2, 13, 17, 53
What are the prime factors of 248?
2, 31
List the prime factors of 132642.
2, 3, 7369
What are the prime factors of 112218?
2, 3, 59, 317
What are the prime factors of 3355?
5, 11, 61
List the prime factors of 24174.
2, 3, 17, 79
List the prime factors of 3415.
5, 683
What are the prime factors of 3171?
3, 7, 151
What are the prime factors of 313?
313
List the prime factors of 7405.
5, 1481
What are the prime factors of 86159?
29, 2971
What are the prime factors of 60837?
3, 7, 2897
What are the prime factors of 2932?
2, 733
List the prime factors of 798.
2, 3, 7, 19
List the prime factors of 3669.
3, 1223
What are the prime factors of 1593?
3, 59
List the prime factors of 721.
7, 103
List the prime factors of 1543.
1543
What are the prime factors of 7712?
2, 241
List the prime factors of 11734.
2, 5867
List the prime factors of 37565.
5, 11, 683
List the prime fact